is the remainder when t is divided by k?
5
Suppose 0 = 5*g - 183 - 17. Suppose 0*x = 4*x - g. Suppose -4*f + 24 = -0. Calculate the remainder when x is divided by f.
4
Suppose 2*p = -2 - 2. Suppose -38 + 2 = -4*l. Calculate the remainder when ((-2)/(-4))/(p/(-68)) is divided by l.
8
Let u be 2/4 - 4/8. Suppose d - 6 + u = 0. What is the remainder when d is divided by 4?
2
Let i = 86 - 27. Let g be (0 + -1)/((-2)/(-22)). Let z = g + i. What is the remainder when z is divided by 25?
23
Let y = 11 - 8. Suppose 82 = 3*f - d, 6*f - 72 = y*f + 3*d. What is the remainder when f is divided by 15?
14
Suppose 0 = -5*a + 4*a + 27. Suppose 9 = -2*c + 29. What is the remainder when a is divided by c?
7
Suppose -5*u - g = 528, -u + 3*g - 4*g - 104 = 0. Let d = 155 + u. Calculate the remainder when d is divided by 17.
15
Let h(l) = l**2 + 1. Let q(a) = a**2 - 6*a + 1. Let s(u) = 3*h(u) - q(u). What is the remainder when s(-5) is divided by 8?
6
Let p(u) = u + 25. Let q(f) = -f**2 - 5*f + 14. What is the remainder when p(0) is divided by q(0)?
11
Let h = 70 - 50. What is the remainder when 57 is divided by h?
17
Let u be 5/(10/6) + 2. Suppose -6*c + c + 17 = -2*j, -4*c = -u*j. What is the remainder when j is divided by 2?
0
Let h(g) = 4*g**2 + 2*g - 1. Let r(l) = 5*l - 17. Let m(y) = 9*y - 34. Let w(f) = -6*m(f) + 11*r(f). Calculate the remainder when h(-3) is divided by w(-7).
9
Calculate the remainder when 13 is divided by 0 + (2/(-6) - 16/(-3)).
3
Let p(q) = -6*q + 7. Suppose -11 = 5*c - 1. Calculate the remainder when p(-6) is divided by 14 - (2/c - 0).
13
Suppose -2*f = 4, -2*v + 127 - 7 = -2*f. Suppose -3*t - t = -60. What is the remainder when v is divided by t?
13
Suppose r = -13 - 13. What is the remainder when 6 is divided by 7/(-21) - r/6?
2
Suppose 2*m - 26 = -2*r, -2*r + 24 = 3*m - 15. Let s(x) = 7*x - 7. Calculate the remainder when s(8) is divided by m.
10
Suppose 0 = 14*m - 9*m - 60. Suppose -21 = -4*t - 1. What is the remainder when m is divided by t?
2
Let d(m) = m**2 + 3*m + 4. What is the remainder when 43 is divided by d(3)?
21
Let n(w) = w**2 + 3*w - 3. Calculate the remainder when n(2) is divided by 2.
1
Suppose -s - 135 = 4*s. Let l = -14 - s. Calculate the remainder when 37 is divided by l.
11
Suppose 2*o - 2 = 2. Let c = o + 13. Calculate the remainder when c is divided by 8.
7
Let h be (-3 + -4 + 6)*-7. Let k = h - -3. What is the remainder when k is divided by 7?
3
Let r(g) = g**2 + 3*g. Let k be (-1)/1*2 + -1. Let m be r(k). Let j = m + 2. What is the remainder when 5 is divided by j?
1
Let g(p) = 1 + 40*p**3 - 5*p**2 - 3*p**3 + 3*p**2. Let m(r) = r**3 + 12*r**2 + 14*r + 46. What is the remainder when g(1) is divided by m(-11)?
10
Let i be 14/18 - (-2)/9. Calculate the remainder when 25 is divided by -14*(i - 6/3).
11
Suppose -2*r - 92 = -3*a, -3*r + 3 - 6 = 0. Calculate the remainder when a is divided by 17.
13
Suppose -34 = -5*t + 1. What is the remainder when t is divided by 3?
1
Calculate the remainder when 133 is divided by -21 + 16 - (1 + -52).
41
Suppose 0 = 4*c + 8, -3*d + 4*c + 8 = -2*d. Suppose -3*b + 6*b - 51 = d. What is the remainder when b is divided by 6?
5
Suppose 0 = d - 4*d + 9. Let c be (0/d)/(2/2). Suppose c = -5*m - 4*a + 65, -39 = -3*m + 3*a + a. Calculate the remainder when m is divided by 5.
3
Let g(k) = -k**2 + 10*k + 10. Suppose 25 = 5*q - 30. Let o = 21 - q. Calculate the remainder when g(9) is divided by o.
9
Let f = 2 + 1. Let a(s) = s**3 - s. Calculate the remainder when 46 is divided by a(f).
22
Let b = 17 + 3. Suppose 0*x + 5*x + b = 0. What is the remainder when 214/6 + x/6 is divided by 12?
11
Suppose q = 3*q - 36. What is the remainder when (-1)/((-8)/14)*20 is divided by q?
17
Let q(f) = -f**2 + 13*f - 7. Let b(o) = o**2 - 18*o + 18. What is the remainder when q(6) is divided by b(18)?
17
Let m = -86 + 121. Calculate the remainder when m is divided by 19.
16
Suppose -9*l - 2*l + 671 = 0. What is the remainder when l is divided by 21?
19
Let y(n) = -20*n - 6. What is the remainder when -1 - (2 + -6*7) is divided by y(-1)?
11
Calculate the remainder when 51 - ((-64)/(-48) + (-2)/6) is divided by 27.
23
Let i(o) = o**3 - 3*o**2 + 2*o + 3. Calculate the remainder when 23 is divided by i(3).
5
Calculate the remainder when 0 + 0 + (38 - 3) is divided by 9.
8
Let n = 19 - 3. Suppose 2*o = 2 - 0. What is the remainder when (-1*o)/(3/(-90)) is divided by n?
14
Suppose -4*s + 234 = -3*d - 168, 4*s - 414 = -3*d. What is the remainder when s is divided by 21?
18
Suppose 2*m + 3*m = 70. Suppose z = 5, z + 259 = 2*n + 2*n. Let q = n + -25. Calculate the remainder when q is divided by m.
13
Suppose -3*h + 6 = -3*c, -22 = -5*c - 2. Let t = -1 + -4. Let i = 14 + t. Calculate the remainder when i is divided by h.
3
Suppose -a + 147 = 2*a. Suppose 115 = 5*h - 2*w, -4*h = 5*w - a - 10. Calculate the remainder when 60 is divided by h.
18
Let s(t) = t**3 - 4*t**2 + t. Let v(h) = 5*h**2 + h - 1. Let f be v(1). Calculate the remainder when s(f) is divided by 17.
13
Suppose -q = -0*q - 20. Let g = 461 - 311. Let h = -92 + g. Calculate the remainder when h is divided by q.
18
Let f(r) = 19*r**2 - 4. Let y be f(-3). Let v = -118 + y. What is the remainder when v is divided by 17?
15
Suppose -100 = 30*p - 34*p. What is the remainder when 99 is divided by p?
24
Suppose 0 = 2*v - 2 - 10. Let p(y) be the second derivative of 4*y**3/3 - 7*y**2/2 + 3*y. What is the remainder when p(3) is divided by v?
5
Let p be 0 + -2 + 1 + -3. Let o = -2 - p. What is the remainder when 8 is divided by (-5)/2*(-4)/o?
3
Calculate the remainder when 49 is divided by (-15)/10*2*-3.
4
Suppose 2*c - 35 - 41 = 0. What is the remainder when c is divided by 10/(-50) + (-202)/(-10)?
18
Let o = 11 - 8. Suppose -m + 19 = o*n, 4*m = -5*n + m + 25. Suppose -2*j + 47 = -k, 4*k = j - 0*k - 34. Calculate the remainder when j is divided by n.
6
Let d = 11 + 2. Calculate the remainder when 49 is divided by d.
10
Suppose -19 = 3*u - 55. Let c(v) = -v**3 + 11*v**2 + 14*v + 11. Suppose 2*s + 1 = 5*o, -o = -s + 3*s - 29. Calculate the remainder when c(u) is divided by s.
11
Let a be (-2)/(-1)*(-8 + 4). What is the remainder when (-6)/a + 1165/20 is divided by 20?
19
Suppose -g - 5*a + 40 = 0, 4*g + a - 6*a - 60 = 0. Suppose -g = -0*c - 4*c. Calculate the remainder when 17 is divided by c.
2
Suppose 9 + 11 = 4*k. Let h = 8 + k. What is the remainder when 24 is divided by h?
11
Let f = 67 - 37. Let j = 50 - f. Let i(y) = 38*y**2 + 1. Calculate the remainder when i(1) is divided by j.
19
Let k = 13 + -10. Calculate the remainder when (-20)/(k/(-6)*1) is divided by 21.
19
Let q(v) = -v**2 - 9*v - 7. What is the remainder when q(-6) is divided by (-38)/(-10) - (-2)/10?
3
Suppose 5*s - 24 = 1. Calculate the remainder when 5 is divided by s.
0
Suppose 13 = 2*w - a, 12 - 44 = -5*w + 2*a. Let b = w - 12. Calculate the remainder when 25 is divided by (-3)/b*(1 + 17).
7
Let c = 4 + 73. What is the remainder when c is divided by 26?
25
Let a(c) = -c - 6. Let b be a(-6). What is the remainder when 29 is divided by 40/(5 - 1) - b?
9
Suppose 5*b - 3*w + 75 = 2*b, b + 3*w + 29 = 0. Let q = b + 37. What is the remainder when 2/5 + 206/10 is divided by q?
10
Suppose 2*h + 6*h = 232. Let x be (2 + 8/(-3))*-3. Suppose -x*i = 4*k - 8 - 6, 5*i = 3*k + 87. What is the remainder when h is divided by i?
14
Let k(h) = 2*h**2 + h + 4. Let w = 0 - 5. Let d = w + 14. What is the remainder when k(3) is divided by d?
7
Suppose -4*z = -8*z + 68. Let w be (-29 + 0)/(-1 - 0). Let g = w - z. Calculate the remainder when g is divided by 7.
5
Let r = -1 + 13. Suppose d = -d + r. What is the remainder when 9 is divided by d?
3
What is the remainder when 91 is divided by 15 - ((-2)/(-6))/((-14)/168)?
15
Calculate the remainder when 64 is divided by 2 - (-4 + -13 - 3).
20
Suppose 4*o - 146 = -4*l + 514, 2*o - l - 330 = 0. What is the remainder when o is divided by 21?
18
Calculate the remainder when (-28)/(-49) - (-262)/7 is divided by 13.
12
Let k(o) = -o + 12. Let h be k(10). Let j = 6 - 3. Calculate the remainder when (-1 - h)*(-7)/3 is divided by j.
1
Let g(m) = m**3 - 6*m**2 - 3*m + 5. Let w be g(7). Let z = w + 5. Suppose z = -0*l + 3*l - i, -5*i - 58 = -3*l. Calculate the remainder when l is 